(s) = 25*s**3 + 316*s**2 + 182*s + 51. What is b(-12)?
171
Let a(s) = -539*s + 2715. What is a(6)?
-519
Let m(d) = 98*d + 339. Give m(-4).
-53
Let r(s) = -s**3 + 3*s**2 + 3630*s - 25238. Calculate r(7).
-24
Let m(y) = -569*y**2 + 8583*y - 712. Calculate m(15).
8
Let g(r) = 426*r - 34376. What is g(82)?
556
Let r(q) = 11*q - 7. Determine r(-169).
-1866
Let z(n) = -19*n**3 + 7771*n**2 - 10*n + 4208. Calculate z(409).
118
Let g(x) = x**3 - 705*x**2 + 4303*x - 76099. Determine g(699).
92
Let p(t) = -2*t**3 + 75*t**2 - 40*t + 301. Give p(37).
190
Let y(h) = 100*h**2 - 1675*h + 13336. Give y(8).
6336
Let y(w) = -w**3 + 77*w**2 + 196*w + 2549. What is y(80)?
-971
Let d(f) = -132107*f + 61165547. Determine d(463).
6
Let w(m) = m**3 - 16*m**2 - 13*m + 347. What is w(10)?
-383
Let u(n) = -14*n**2 + 734*n + 1501. What is u(-2)?
-23
Let r(c) = -13*c**2 - 12867*c + 198945. Give r(-1005).
-45
Let l(r) = r**3 - 307*r**2 - 3493*r - 1542. Give l(318).
48
Let k(u) = -83*u**2 + 1150*u - 2594. Calculate k(11).
13
Let x(l) = -l**2 - 136*l - 2900. Give x(-25).
-125
Let y(m) = m**2 - 59*m + 474. Determine y(33).
-384
Let v(h) = -11975*h - 38607393. Calculate v(-3224).
7
Let s(r) = 163*r - 16510. Give s(124).
3702
Let l(b) = -b**3 - 50*b**2 - 85*b + 1671. Calculate l(-47).
-961
Let h(v) = -27*v**2 + 93*v - 268. Determine h(5).
-478
Let n(u) = 24*u**2 + 5602*u + 18797. Give n(-230).
-63
Let n(w) = w**3 + 38*w**2 + 1120*w + 31512. What is n(-33)?
-3
Let c(s) = 7*s**2 - 108*s + 69. What is c(12)?
-219
Let j(l) = -l**3 - 497*l**2 - 1497*l - 496495. Determine j(-496).
1
Let p(h) = h**3 + 26*h**2 - 284*h + 160. Calculate p(10).
920
Let k(z) = 52436*z + 104797. What is k(-2)?
-75
Let n(m) = 2*m**2 + 48*m - 301. Determine n(-13).
-587
Let o(c) = -5*c**2 - 136*c - 276. Give o(-26).
-120
Let j(d) = 3*d**3 + 55*d**2 - 168*d + 1526. Give j(-22).
-102
Let g(b) = -59*b**2 - 142*b + 731. Calculate g(5).
-1454
Let v(l) = -l**3 - 35*l**2 + 1773*l + 667. Determine v(-63).
100
Let n(h) = 3*h**3 - 46*h**2 - 29*h - 143. Give n(15).
-803
Let j(n) = 7109*n + 78191. Calculate j(-11).
-8
Let b(s) = s**3 - 288*s**2 + 299*s - 3419. What is b(287)?
25
Let h(s) = -86323*s - 517954. Give h(-6).
-16
Let f(o) = -105*o - 1566. Give f(-5).
-1041
Let i(u) = 381*u + 6058. Determine i(-15).
343
Let t(o) = -13056*o - 1057538. Give t(-81).
-2
Let j(b) = -64589*b + 64593. Give j(1).
4
Let k(w) = -9*w**3 - 22*w**2 + 12*w + 11. Give k(1).
-8
Let g(l) = 466*l + 9854. Determine g(-20).
534
Let u(f) = f**2 + 19495*f - 156030. Calculate u(8).
-6
Let v(q) = -q**3 - 28*q**2 + 242*q + 4865. Determine v(-34).
3573
Let j(b) = 175*b**2 + 330*b - 340. What is j(-2)?
-300
Let c(n) = -254*n**2 + 5420*n - 6776. Determine c(20).
24
Let c(o) = o**3 + 14*o**2 - 335*o + 152. Give c(0).
152
Let m(q) = 17108*q + 513601. Give m(-30).
361
Let d(s) = 313*s + 13721. Determine d(-42).
575
Let j(w) = -6*w**3 + 1210*w**2 - 11543*w + 1. Give j(10).
-429
Let a(s) = s**2 + 258*s - 13570. Calculate a(-303).
65
Let v(a) = -a**2 + 278*a - 19504. What is v(160)?
-624
Let f(n) = 3*n**2 + 1493*n - 154557. Give f(88).
59
Let n(u) = -3688*u - 1017668. Determine n(-276).
220
Let n(m) = -216*m**2 + 2122*m + 79. What is n(10)?
-301
Let y(f) = -61*f**2 + 9*f. Determine y(2).
-226
Let q(g) = 243*g - 60218. Determine q(248).
46
Let u(c) = -2*c**3 + 23*c**2 - 92*c + 22. Determine u(5).
-113
Let i(r) = 3*r**3 - 47*r**2 - 42*r + 259. What is i(16)?
-157
Let c(q) = 1018*q - 6280. Determine c(6).
-172
Let h(n) = 669*n - 38797. What is h(58)?
5
Let x(q) = 122958*q - 5533101. Give x(45).
9
Let b(x) = -2*x**2 - 77*x + 794. Give b(10).
-176
Let d(c) = c**3 + 974*c**2 + 26519*c + 882. Give d(-28).
14
Let a(g) = -4*g**2 - 820*g + 13896. Calculate a(-221).
-248
Let k(a) = 193*a**2 - 1939*a + 430. What is k(10)?
340
Let s(o) = 208542*o - 6256280. Give s(30).
-20
Let t(r) = 2*r**2 + 167*r + 6428. Determine t(-77).
5427
Let z(g) = -18*g**2 - 3854*g + 44049. Determine z(-225).
-51
Let c(n) = -11*n**2 - 94*n - 702. Calculate c(-7).
-583
Let l(j) = 2*j**2 + 549*j + 21406. Calculate l(-47).
21
Let k(f) = 2000*f + 6001. What is k(-3)?
1
Let c(j) = -12603*j - 13234. Determine c(-1).
-631
Let q(o) = 3062*o - 79699. What is q(26)?
-87
Let a(q) = 8*q**2 - 1155*q + 10746. Determine a(10).
-4
Let i(w) = 2425*w - 31580. Give i(13).
-55
Let y(w) = -w**3 + 293*w**2 - 345*w + 15698. Determine y(292).
222
Let r(t) = 31*t**3 - 16*t**2 - 10*t + 11. Determine r(-4).
-2189
Let r(u) = 25501*u - 25305. Give r(1).
196
Let q(r) = -1060*r - 5275. Determine q(-5).
25
Let i(c) = -1992*c + 43455. What is i(23)?
-2361
Let b(v) = v**2 - 251*v - 216100. Give b(-356).
-8
Let q(p) = 78003*p - 1794072. Calculate q(23).
-3
Let q(a) = 19*a**2 + 784*a + 2898. Give q(-37).
-99
Let n(m) = -36*m**2 - 149*m + 145. Calculate n(1).
-40
Let i(a) = -451*a**2 - 6841*a - 1139. Determine i(-15).
1
Let a(s) = -200760*s - 16863858. Give a(-84).
-18
Let u(n) = 37*n + 3973. Give u(-108).
-23
Let z(x) = -6*x**2 + 1839*x + 85688. Determine z(-41).
203
Let m(i) = 15798*i + 63438. Calculate m(-4).
246
Let l(k) = 3*k**3 + 84*k**2 + 100*k + 520. Calculate l(-27).
7
Let u(k) = -15*k**3 - 1694*k**2 + 146*k + 3790. What is u(-113)?
61
Let l(t) = 5172*t - 925794. Give l(179).
-6
Let w(r) = -2283*r - 818. What is w(1)?
-3101
Let n(f) = -247*f + 35895. Calculate n(145).
80
Let g(m) = 3*m**2 + 2001*m - 18294. What is g(9)?
-42
Let l(w) = -163*w**2 - 972*w. Calculate l(-6).
-36
Let i(m) = -503*m - 7057. Give i(-14).
-15
Let v(n) = -15*n**2 - 1748*n + 5242. Give v(3).
-137
Let t(r) = 57*r**3 - 692*r**2 + 95*r + 4. Calculate t(12).
-8
Let g(s) = 125*s - 4026. Calculate g(38).
724
Let g(q) = -7*q**3 - 575*q**2 - 4667*q + 362. Give g(-73).
-3
Let l(n) = -157*n - 31785. What is l(-215)?
1970
Let u(j) = -244*j**2 - 2812*j - 7725. What is u(-7)?
3
Let z(j) = -j**3 + 188*j**2 - 4*j + 718. Calculate z(188).
-34
Let y(u) = -3*u**2 + 3699*u - 14756. What is y(4)?
-8
Let b(o) = -2*o**3 - 996*o**2 - 3980*o - 13825. Give b(-494).
7
Let q(z) = -10*z**2 + 490*z - 326. Determine q(49).
-326
Let k(m) = m**2 + 21359*m + 1320408. Determine k(-62).
-6
Let i(x) = 6680*x + 1950524. Calculate i(-292).
-36
Let s(v) = -77*v**2 + 10343*v + 10344. Determine s(-1).
-76
Let m(g) = g**3 + 37*g**2 + 151*g - 287. What is m(-6)?
-77
Let v(p) = 26935*p + 538712. Determine v(-20).
12
Let d(o) = 7*o**2 + 802*o - 3207. Give d(4).
113
Let k(f) = 12363*f + 679962. Calculate k(-55).
-3
Let t(z) = 3*z**3 - 6073*z**2 + 134144*z - 20029. Determine t(2002).
-9
Let a(z) = -z**3 - 300*z**2 + 876*z + 100. Give a(3).
1
Let c(s) = 2*s**3 - 114*s**2 - 102*s + 1285. What is c(57)?
-4529
Let r(t) = 430*t - 7767. Determine r(18).
-27
Let l(j) = 399*j**2 + 243790*j + 562. Calculate l(-611).
-49
Let l(y) = 5*y**2 + 7578*y - 663418. Determine l(83).
1
Let r(l) = 2*l**3 + 33*l**2 + 29*l - 127. Give r(-15).
113
Let w(p) = 30*p**3 - 90*p**2 + 154*p + 4. What is w(3)?
466
Let o(m) = 5*m**2 + 1070*m + 7616. Give o(-7).
371
Let v(y) = -3*y**3 + 124*y**2 - 45*y + 128. Give v(41).
-36
Let c(x) = -497*x**2 - 2005*x + 44. Calculate c(-4).
112
Let o(i) = -i**3 + 248*i**2 + 22313*i + 3705. Determine o(-70).
-5
Let k(n) = -n**3 + 228*n**2 + 1660*n - 3001. Determine k(235).
524
Let m(g) = -545*g**3 + 2*g**2 + 84*g - 86. What is m(1)?
-545
Let x(l) = -l**3 - 86*l**2 - 1524*l + 2801. Give x(-28).
1
Let v(x) = -2*x**3 - 72*x**2 - 35*x - 6980. Determine v(-38).
126
Let h(l) = 4*l**2 + 11921*l - 47631. Determine h(4).
117
Let l(w) = -6*w**3 + 2*w**2 - 316*w + 943. Calculate l(3).
-149
Let z(n) = -3*n**2 + 81*n - 5531. Calculate z(37).
-6641
Let w(o) = -5*o**2 + 181*o - 1242. What is w(8)?
-114
Let v(s) = 34*s**2 - 1833*s + 119. Determine v(55).
2154
Let f(x) = -96*x**2 - 7880*x - 664. What is f(-82)?
-8
Let u(j) = 3*j**2 + 350*j + 7142. Calculate u(-91).
135
Let u(g) = -22*g**2 - 1745*g + 21851. Give u(11).
-6
Let k(c) = c**3 - 32*c**2 - 1269*c - 131. What is k(-23)?
-39
Let t(m) = 436215*m - 31407485. Give t(72).
-5
Let q(f) = -2*f**3 - 13*f**2 - 36*f - 190. Calculate q(-6).
-10
Let o(b) = 9*b**2 - 200*b + 2818. Give o(17).
2019
Let f(k) = 3213*k + 1018521. Give f(-317).
0
Let d(t) = -t**2 - 2791*t + 8391. What is d(3)?
9
Let j(k) = k**2 - 2090*k - 87312. Calculate j(-41).
59
Let i(l) = 3*l**3 - 12*